{"id":243,"date":"2022-12-16T10:21:08","date_gmt":"2022-12-16T09:21:08","guid":{"rendered":"https:\/\/www.sas-kabelservice.de\/?page_id=243"},"modified":"2022-12-21T15:08:56","modified_gmt":"2022-12-21T14:08:56","slug":"service","status":"publish","type":"page","link":"https:\/\/www.sas-kabelservice.de\/?page_id=243","title":{"rendered":"Service"},"content":{"rendered":"\n<p><em>Disposition wird bei uns GRO\u00df geschrieben:<\/em><\/p>\n\n\n\n<p>Wir disponieren jeden Arbeitstag Installations- sowie St\u00f6rungsauftr\u00e4ge.  Gleichzeitig werden unsere Kunden und Partner in den Vordergrund gestellt.<\/p>\n\n\n\n<p><em>Planung und Beratung geh\u00f6rt bei uns selbstverst\u00e4ndlich dazu:<\/em><\/p>\n\n\n\n<p>Wir f\u00fchren f\u00fcr unsere Kunden t\u00e4glich Planungen und Beratungen f\u00fcr neue Telekommunikationsprojekte durch.<\/p>\n\n\n\n<p><\/p>\n","protected":false},"excerpt":{"rendered":"<p>Disposition wird bei uns GRO\u00df geschrieben: Wir disponieren jeden Arbeitstag Installations- sowie St\u00f6rungsauftr\u00e4ge. Gleichzeitig werden unsere Kunden und Partner in den Vordergrund gestellt. Planung und Beratung geh\u00f6rt bei uns selbstverst\u00e4ndlich dazu: Wir f\u00fchren f\u00fcr unsere Kunden t\u00e4glich Planungen und Beratungen f\u00fcr neue Telekommunikationsprojekte durch.<\/p>\n","protected":false},"author":2,"featured_media":279,"parent":0,"menu_order":0,"comment_status":"closed","ping_status":"closed","template":"","meta":[],"_links":{"self":[{"href":"https:\/\/www.sas-kabelservice.de\/index.php?rest_route=\/wp\/v2\/pages\/243"}],"collection":[{"href":"https:\/\/www.sas-kabelservice.de\/index.php?rest_route=\/wp\/v2\/pages"}],"about":[{"href":"https:\/\/www.sas-kabelservice.de\/index.php?rest_route=\/wp\/v2\/types\/page"}],"author":[{"embeddable":true,"href":"https:\/\/www.sas-kabelservice.de\/index.php?rest_route=\/wp\/v2\/users\/2"}],"replies":[{"embeddable":true,"href":"https:\/\/www.sas-kabelservice.de\/index.php?rest_route=%2Fwp%2Fv2%2Fcomments&post=243"}],"version-history":[{"count":6,"href":"https:\/\/www.sas-kabelservice.de\/index.php?rest_route=\/wp\/v2\/pages\/243\/revisions"}],"predecessor-version":[{"id":327,"href":"https:\/\/www.sas-kabelservice.de\/index.php?rest_route=\/wp\/v2\/pages\/243\/revisions\/327"}],"wp:featuredmedia":[{"embeddable":true,"href":"https:\/\/www.sas-kabelservice.de\/index.php?rest_route=\/wp\/v2\/media\/279"}],"wp:attachment":[{"href":"https:\/\/www.sas-kabelservice.de\/index.php?rest_route=%2Fwp%2Fv2%2Fmedia&parent=243"}],"curies":[{"name":"wp","href":"https:\/\/api.w.org\/{rel}","templated":true}]}}